44?
True
Is 30 a factor of 1949?
False
Is 727 a multiple of 19?
False
Is 19 a factor of 551?
True
Is 18480 a multiple of 5?
True
Is 11 a factor of 42451?
False
Does 26 divide 181?
False
Is 86 a factor of 2246?
False
Does 8 divide 10972?
False
Is 13 a factor of 18603?
True
Does 7 divide 420?
True
Is 16 a factor of 39120?
True
Is 104 a factor of 4626?
False
Does 3 divide 2560?
False
Is 13123 a multiple of 33?
False
Does 13 divide 11053?
False
Is 49600 a multiple of 64?
True
Is 129995 a multiple of 15?
False
Is 540 a multiple of 15?
True
Does 36 divide 6881?
False
Is 54 a factor of 6588?
True
Is 300 a factor of 43918?
False
Does 130 divide 650?
True
Is 9 a factor of 9810?
True
Does 75 divide 15225?
True
Is 7 a factor of 926?
False
Is 60956 a multiple of 81?
False
Is 324 a multiple of 12?
True
Is 102 a factor of 10710?
True
Is 14625 a multiple of 18?
False
Does 51 divide 12801?
True
Is 5 a factor of 273?
False
Is 3612 a multiple of 42?
True
Is 134 a factor of 28456?
False
Is 3066 a multiple of 21?
True
Does 17 divide 13974?
True
Is 100 a multiple of 4?
True
Does 79 divide 642?
False
Is 28 a factor of 3873?
False
Is 1441 a multiple of 44?
False
Does 67 divide 134?
True
Does 13 divide 33267?
True
Is 53 a factor of 1249?
False
Is 67 a multiple of 4?
False
Is 26 a multiple of 4?
False
Is 67415 a multiple of 58?
False
Is 1416 a multiple of 354?
True
Is 8 a factor of 77?
False
Does 11 divide 1344?
False
Does 14 divide 50?
False
Is 16 a factor of 928?
True
Is 1353 a multiple of 13?
False
Is 18 a factor of 2581?
False
Is 860 a multiple of 43?
True
Does 21 divide 357?
True
Does 51 divide 58823?
False
Is 27 a factor of 1539?
True
Is 875 a multiple of 8?
False
Does 4 divide 1852?
True
Is 1298 a multiple of 11?
True
Is 16306 a multiple of 376?
False
Is 7238 a multiple of 47?
True
Is 34 a factor of 6631?
False
Is 7412 a multiple of 3?
False
Does 93 divide 1270?
False
Does 40 divide 920?
True
Does 31 divide 2475?
False
Is 118 a factor of 8024?
True
Does 45 divide 16425?
True
Does 235 divide 30080?
True
Does 6 divide 140?
False
Does 10 divide 16809?
False
Is 10 a factor of 1417?
False
Is 25896 a multiple of 166?
True
Is 223 a factor of 31443?
True
Is 73 a factor of 789?
False
Is 1484 a multiple of 4?
True
Is 34 a factor of 980?
False
Is 3246 a multiple of 43?
False
Does 9 divide 5142?
False
Is 343 a multiple of 5?
False
Is 258 a factor of 39990?
True
Does 75 divide 7368?
False
Does 67 divide 1634?
False
Is 15 a factor of 614?
False
Is 21 a factor of 62906?
False
Is 585 a multiple of 13?
True
Is 43 a factor of 1763?
True
Does 18 divide 2196?
True
Is 9 a factor of 9058?
False
Is 48 a factor of 256?
False
Does 93 divide 4743?
True
Is 781 a multiple of 11?
True
Is 26972 a multiple of 34?
False
Is 21567 a multiple of 79?
True
Does 6 divide 662?
False
Does 13 divide 4402?
False
Does 31 divide 217?
True
Is 7 a factor of 525?
True
Is 25494 a multiple of 14?
True
Is 14 a factor of 3948?
True
Is 10 a factor of 2180?
True
Does 23 divide 2529?
False
Is 4 a factor of 6517?
False
Does 455 divide 117305?
False
Does 9 divide 456?
False
Is 27 a factor of 675?
True
Is 48 a factor of 11084?
False
Does 40 divide 920?
True
Does 8 divide 40?
True
Is 2677 a multiple of 3?
False
Is 6 a factor of 471?
False
Is 33 a factor of 891?
True
Does 6 divide 65?
False
Is 53 a factor of 3004?
False
Is 12 a factor of 5537?
False
Is 5530 a multiple of 158?
True
Is 603 a multiple of 67?
True
Is 18 a factor of 3823?
False
Does 24 divide 552?
True
Is 32 a factor of 416?
True
Does 14 divide 295?
False
Is 20 a factor of 745?
False
Is 31 a factor of 77773?
False
Is 16 a factor of 4480?
True
Is 68856 a multiple of 10?
False
Is 8 a factor of 304?
True
Is 4 a factor of 2725?
False
Is 1882 a multiple of 23?
False
Is 7 a factor of 118?
False
Does 83 divide 6308?
True
Is 1368 a multiple of 9?
True
Is 8 a factor of 2799?
False
Is 33280 a multiple of 221?
False
Is 146138 a multiple of 169?
False
Is 48165 a multiple of 57?
True
Does 8 divide 184?
True
Is 1231 a multiple of 92?
False
Is 10 a factor of 1374?
False
Is 312 a multiple of 52?
True
Is 73 a factor of 6730?
False
Is 1062 a multiple of 9?
True
Does 32 divide 24118?
False
Does 14 divide 210?
True
Is 9856 a multiple of 14?
True
Is 2211 a multiple of 11?
True
Is 5039 a multiple of 9?
False
Is 77 a factor of 6416?
False
Is 72 a factor of 14256?
True
Is 5184 a multiple of 54?
True
Is 67 a factor of 2688?
False
Is 7 a factor of 32480?
True
Is 381 a factor of 84582?
True
Is 37 a factor of 3404?
True
Is 20 a factor of 38280?
True
Is 5 a factor of 55?
True
Is 213 a factor of 22578?
True
Is 29 a factor of 4814?
True
Is 99 a factor of 12771?
True
Does 18 divide 4032?
True
Is 1325 a multiple of 11?
False
Does 16 divide 496?
True
Is 459 a multiple of 27?
True
Is 12 a factor of 11976?
True
Does 10 divide 4540?
True
Does 20 divide 26212?
False
Is 4545 a multiple of 5?
True
Does 11 divide 363?
True
Is 347 a multiple of 6?
False
Does 28 divide 4716?
False
Is 13542 a multiple of 180?
False
Is 529 a multiple of 4?
False
Is 48 a factor of 17232?
True
Does 14 divide 337?
False
Is 63 a factor of 7371?
True
Does 49 divide 196?
True
Does 66 divide 6039?
False
Is 18 a factor of 264?
False
Is 19656 a multiple of 13?
True
Does 150 divide 35650?
False
Is 19520 a multiple of 32?
True
Does 15 divide 5284?
False
Is 70125 a multiple of 125?
True
Is 11 a factor of 3080?
True
Does 53 divide 56826?
False
Is 60025 a multiple of 49?
True
Is 13584 a multiple of 8?
True
Does 8 divide 20784?
True
Is 3843 a multiple of 61?
True
Is 2067 a multiple of 13?
True
Is 3 a factor of 993?
True
Does 59 divide 10270?
False
Is 65 a factor of 2015?
True
Does 71 divide 1278?
True
Is 36 a factor of 8100?
True
Is 13 a factor of 5798?
True
Is 36585 a multiple of 27?
True
Is 605 a multiple of 2?
False
Is 184 a factor of 3864?
True
Does 12 divide 3072?
True
Is 56 a factor of 3086?
False
Is 126 a multiple of 14?
True
Is 22 a factor of 383?
False
Is 6363 a multiple of 70?
False
Does 77 divide 2164?
False
Is 429 a multiple of 11?
True
Is 4116 a multiple of 80?
False
Is 299 a factor of 45287?
False
Is 64 a factor of 7448?
False
Is 20 a factor of 16669?
False
Is 1728 a multiple of 72?
True
Is 21868 a multiple of 154?
True
Is 88 a multiple of 44?
True
Is 317 a multiple of 19?
False
Does 10 divide 68378?
False
Does 35 divide 490?
True
Is 5437 a multiple of 176?
False
Is 390 a multiple of 10?
True
Is 3652 a multiple of 22?
True
Does 2 divide 1718?
True
Is 153 a multiple of 34?
False
Does 11 divide 2266?
True
Is 435 a multiple of 21?
False
Is 33552 a multiple of 48?
True
Is 1297 a multiple of 63?
False
Does 33 divide 363?
True
Is 80 a factor of 41469?
False
Is 1989 a multiple of 9?
True
Is 13671 a multiple of 16?
False
Is 186 a multiple of 3?
True
Is 7 a factor of 1645?
True
Is 7 a factor of 1974?
True
Does 44 divide 13904?
True
Does 14 divide 70?
True
Is 3164 a multiple of 37?
False
Is 29 a factor of 134684?
False
Does 205 divide 49883?
False
Is 136 a multiple of 50?
False
Is 5328 a multiple of 48?
True
Is 18 a factor of 504?
True
Is 7998 a multiple of 86?
True
Is 798 a multiple of 14?
True
Is 32 a factor of 27648?
True
Is 136 a factor of 4355?
False
Is 1092 a multiple of 39?
True
Does 63 divide 26082?
True
Is 42 a factor of 3864?
True
Is 59 a factor of 13570?
True
Is 33 a factor of 2086?
False
Is 941 a multiple of 31?
False
Is 963 a multiple of 35?
False
Is 14579 a multiple of 61?
True
Is 123 a factor of 2579?
False
Is 57 a factor of 21660?
True
Is 171 a multiple of 9?
True
Is 26 a factor of 598?
True
Is 10 a factor of 23481?
False
Is 14104 a multiple of 59?
False
Is 6468 a multiple of 44?
True
Is 273 a multiple of 21?
True
Is 27 a factor of 189?
True
Is 16 a factor of 19232?
True
Does 40 divide 86?
False
Is 89 a factor of 15946?
False
Is 12614 a multiple of 154?
False
Is 854 a multiple of 47?
False
Is 19 a factor of 18639?
True
Is 376 a multiple of 43?
False
Is 55 a factor of 53172?
False
Does 19 divide 13813?
True
Is 777 a multiple of 8?
False
Is 1800 a multiple of 9?
True
Is 19 a factor of 56457?
False
Is 14 a factor of 56?
True
Does 5 divide 510?
True
Does 38 divide 342?
True
Is 25740 a multiple of 156?
True
Is 592 a multiple of 16?
True
Does 6 divide 8232?
True
Does 9 divide 2952?
True
Is 77 a factor of 759?
Fals